

{"id":7389,"date":"2022-05-03T13:24:20","date_gmt":"2022-05-03T13:24:20","guid":{"rendered":"https:\/\/www.museodegrandas.es\/el-museo\/19-capilla\/"},"modified":"2022-05-03T13:24:20","modified_gmt":"2022-05-03T13:24:20","slug":"19-capilla","status":"publish","type":"page","link":"https:\/\/www.museodegrandas.es\/as\/el-museo\/19-capilla\/","title":{"rendered":"19.- Capilla"},"content":{"rendered":"<p>Igresias e capillas eran un punto de referencia permanente na vida dos labradores. Al\u00ed iban semanalmente pa cumprir cos cultos relixosos e sempre qu\u2019hab\u00eda \u00faa festa que celebrar. Eran tam\u00e9n el escenario unde pasaban os acontecementos que rubricaban os tempos del sou ciclo vital: bautismo, comuni\u00f3n, casamento y, al cabo, os rituales da morte; ritos de paso que se celebraban en presencia de todos os vec\u00edos e que certificaban a s\u00faa pertenencia a \u00faa comunid\u00e1 que los reconoc\u00eda e unde se reconoc\u00edan.<\/p>\n<p style=\"text-align: center;\"><a href=\"https:\/\/www.museodegrandas.es\/wp-content\/uploads\/2014\/02\/iglesia.jpg\"><img class=\"wp-image-1314 aligncenter\" src=\"https:\/\/www.museodegrandas.es\/wp-content\/uploads\/2014\/02\/iglesia.jpg\" alt=\"iglesia\" width=\"500\" \/><\/a><\/p>\n<p>A capilla del Museo, que ten a advocaci\u00f3n de San Xuan Bautista, \u00e9 un edificio de construcci\u00f3n nova que s\u2019axusta \u00e1s caracter\u00edsticas edilicias da arquitectura relixosa popular da contornada: pranta rectangular e cuberta de louxa a tres augas con crume de cruceiros. El espacio artic\u00falase en tres \u00e1mbitos: cabildro aberto a os p\u00e9s qu\u2019antecede a un p\u00f3rtico zarrao dende el que s\u2019entra \u00e1 nave \u00fanica. El ingreso entre espacios faise por portas adinteladas flanquiadas por aberturas con barrotes de madera que deixan pasar a luz natural, esquema caracter\u00edstico das capillas rurales da zona.<\/p>\n<p style=\"text-align: center;\"><a href=\"https:\/\/www.museodegrandas.es\/wp-content\/uploads\/2014\/02\/iglesia2.jpg\"><img class=\"wp-image-1315 aligncenter\" src=\"https:\/\/www.museodegrandas.es\/wp-content\/uploads\/2014\/02\/iglesia2.jpg\" alt=\"iglesia2\" width=\"500\" \/><\/a><\/p>\n<p>As vigas perteneceron \u00e1 ponte de Salime, lugar anagao pol auga da presa del mesmo nome. El retablo procede da capilla vella de Salime y a porta policromada d\u2019ingreso \u00e1 nave, de Samart\u00edn d\u2019Ozcos.<\/p>\n<p><!--:--><\/p>\n","protected":false},"excerpt":{"rendered":"<p>Igresias e capillas eran un punto de referencia permanente na vida dos labradores. Al\u00ed iban semanalmente pa cumprir cos cultos relixosos e sempre qu\u2019hab\u00eda \u00faa festa que celebrar. Eran tam\u00e9n el escenario unde pasaban os acontecementos que rubricaban os tempos del sou ciclo vital: bautismo, comuni\u00f3n, casamento y, al cabo, os rituales da morte; ritos [&hellip;]<\/p>\n","protected":false},"author":2,"featured_media":0,"parent":7248,"menu_order":0,"comment_status":"closed","ping_status":"open","template":"","meta":{"_et_pb_use_builder":"","_et_pb_old_content":"","_et_gb_content_width":""},"_links":{"self":[{"href":"https:\/\/www.museodegrandas.es\/as\/wp-json\/wp\/v2\/pages\/7389"}],"collection":[{"href":"https:\/\/www.museodegrandas.es\/as\/wp-json\/wp\/v2\/pages"}],"about":[{"href":"https:\/\/www.museodegrandas.es\/as\/wp-json\/wp\/v2\/types\/page"}],"author":[{"embeddable":true,"href":"https:\/\/www.museodegrandas.es\/as\/wp-json\/wp\/v2\/users\/2"}],"replies":[{"embeddable":true,"href":"https:\/\/www.museodegrandas.es\/as\/wp-json\/wp\/v2\/comments?post=7389"}],"version-history":[{"count":0,"href":"https:\/\/www.museodegrandas.es\/as\/wp-json\/wp\/v2\/pages\/7389\/revisions"}],"up":[{"embeddable":true,"href":"https:\/\/www.museodegrandas.es\/as\/wp-json\/wp\/v2\/pages\/7248"}],"wp:attachment":[{"href":"https:\/\/www.museodegrandas.es\/as\/wp-json\/wp\/v2\/media?parent=7389"}],"curies":[{"name":"wp","href":"https:\/\/api.w.org\/{rel}","templated":true}]}}

<p>Igresias e capillas eran un punto de referencia permanente na vida dos labradores. Alí iban semanalmente pa cumprir cos cultos relixosos e sempre qu’había úa festa que celebrar. Eran tamén el escenario unde pasaban os acontecementos que rubricaban os tempos del sou ciclo vital: bautismo, comunión, casamento y, al cabo, os rituales da morte; ritos de paso que se celebraban en presencia de todos os vecíos e que certificaban a súa pertenencia a úa comunidá que los reconocía e unde se reconocían.</p>
<p style="text-align: center;"><a href="https://www.museodegrandas.es/wp-content/uploads/2014/02/iglesia.jpg"><img class="wp-image-1314 aligncenter" src="https://www.museodegrandas.es/wp-content/uploads/2014/02/iglesia.jpg" alt="iglesia" width="500" /></a></p>
<p>A capilla del Museo, que ten a advocación de San Xuan Bautista, é un edificio de construcción nova que s’axusta ás características edilicias da arquitectura relixosa popular da contornada: pranta rectangular e cuberta de louxa a tres augas con crume de cruceiros. El espacio articúlase en tres ámbitos: cabildro aberto a os pés qu’antecede a un pórtico zarrao dende el que s’entra á nave única. El ingreso entre espacios faise por portas adinteladas flanquiadas por aberturas con barrotes de madera que deixan pasar a luz natural, esquema característico das capillas rurales da zona.</p>
<p style="text-align: center;"><a href="https://www.museodegrandas.es/wp-content/uploads/2014/02/iglesia2.jpg"><img class="wp-image-1315 aligncenter" src="https://www.museodegrandas.es/wp-content/uploads/2014/02/iglesia2.jpg" alt="iglesia2" width="500" /></a></p>
<p>As vigas perteneceron á ponte de Salime, lugar anagao pol auga da presa del mesmo nome. El retablo procede da capilla vella de Salime y a porta policromada d’ingreso á nave, de Samartín d’Ozcos.</p>
<p><!--:--></p>

<p>Igresias e capillas eran un punto de referencia permanente na vida dos labradores. Alí iban semanalmente pa cumprir cos cultos relixosos e sempre qu’había úa festa que celebrar. Eran tamén el escenario unde pasaban os acontecementos que rubricaban os tempos del sou ciclo vital: bautismo, comunión, casamento y, al cabo, os rituales da morte; ritos [&hellip;]</p>
