

{"id":7375,"date":"2022-05-03T13:15:37","date_gmt":"2022-05-03T13:15:37","guid":{"rendered":"https:\/\/www.museodegrandas.es\/el-museo\/15-a-casoa\/15-11-escola\/"},"modified":"2022-05-03T13:15:37","modified_gmt":"2022-05-03T13:15:37","slug":"15-11-escola","status":"publish","type":"page","link":"https:\/\/www.museodegrandas.es\/as\/el-museo\/15-a-casoa\/15-11-escola\/","title":{"rendered":"15.11.- Escola"},"content":{"rendered":"<p>Recreaci\u00f3n d\u2019un aula escolar rural unde pode contemplarse el mobiliario, os libros de texto, el material did\u00e1ctico y os utensilios d\u2019escritura da \u00e9poca. Hasta a construcci\u00f3n das primeiras escolas, xa adelantao el siglo XX, as aulas instal\u00e1banse en casas particulares ou nos cabildros das igresias.<\/p>\n<p style=\"text-align: center;\"><a href=\"https:\/\/www.museodegrandas.es\/wp-content\/uploads\/2014\/02\/Escuela.jpg\"><img class=\"wp-image-1273 aligncenter\" src=\"https:\/\/www.museodegrandas.es\/wp-content\/uploads\/2014\/02\/Escuela.jpg\" alt=\"Escuela\" width=\"500\" \/><\/a><\/p>\n<p style=\"text-align: center;\"><a href=\"https:\/\/www.museodegrandas.es\/wp-content\/uploads\/2014\/02\/Escuela2.jpg\"><img class=\"wp-image-1274 aligncenter\" src=\"https:\/\/www.museodegrandas.es\/wp-content\/uploads\/2014\/02\/Escuela2.jpg\" alt=\"Escuela2\" width=\"500\" \/><\/a><\/p>\n<p><!--:--><\/p>\n","protected":false},"excerpt":{"rendered":"<p>Recreaci\u00f3n d\u2019un aula escolar rural unde pode contemplarse el mobiliario, os libros de texto, el material did\u00e1ctico y os utensilios d\u2019escritura da \u00e9poca. Hasta a construcci\u00f3n das primeiras escolas, xa adelantao el siglo XX, as aulas instal\u00e1banse en casas particulares ou nos cabildros das igresias.<\/p>\n","protected":false},"author":2,"featured_media":0,"parent":7336,"menu_order":0,"comment_status":"closed","ping_status":"closed","template":"","meta":{"_et_pb_use_builder":"","_et_pb_old_content":"","_et_gb_content_width":""},"_links":{"self":[{"href":"https:\/\/www.museodegrandas.es\/as\/wp-json\/wp\/v2\/pages\/7375"}],"collection":[{"href":"https:\/\/www.museodegrandas.es\/as\/wp-json\/wp\/v2\/pages"}],"about":[{"href":"https:\/\/www.museodegrandas.es\/as\/wp-json\/wp\/v2\/types\/page"}],"author":[{"embeddable":true,"href":"https:\/\/www.museodegrandas.es\/as\/wp-json\/wp\/v2\/users\/2"}],"replies":[{"embeddable":true,"href":"https:\/\/www.museodegrandas.es\/as\/wp-json\/wp\/v2\/comments?post=7375"}],"version-history":[{"count":0,"href":"https:\/\/www.museodegrandas.es\/as\/wp-json\/wp\/v2\/pages\/7375\/revisions"}],"up":[{"embeddable":true,"href":"https:\/\/www.museodegrandas.es\/as\/wp-json\/wp\/v2\/pages\/7336"}],"wp:attachment":[{"href":"https:\/\/www.museodegrandas.es\/as\/wp-json\/wp\/v2\/media?parent=7375"}],"curies":[{"name":"wp","href":"https:\/\/api.w.org\/{rel}","templated":true}]}}

<p>Recreación d’un aula escolar rural unde pode contemplarse el mobiliario, os libros de texto, el material didáctico y os utensilios d’escritura da época. Hasta a construcción das primeiras escolas, xa adelantao el siglo XX, as aulas instalábanse en casas particulares ou nos cabildros das igresias.</p>
<p style="text-align: center;"><a href="https://www.museodegrandas.es/wp-content/uploads/2014/02/Escuela.jpg"><img class="wp-image-1273 aligncenter" src="https://www.museodegrandas.es/wp-content/uploads/2014/02/Escuela.jpg" alt="Escuela" width="500" /></a></p>
<p style="text-align: center;"><a href="https://www.museodegrandas.es/wp-content/uploads/2014/02/Escuela2.jpg"><img class="wp-image-1274 aligncenter" src="https://www.museodegrandas.es/wp-content/uploads/2014/02/Escuela2.jpg" alt="Escuela2" width="500" /></a></p>
<p><!--:--></p>

<p>Recreación d’un aula escolar rural unde pode contemplarse el mobiliario, os libros de texto, el material didáctico y os utensilios d’escritura da época. Hasta a construcción das primeiras escolas, xa adelantao el siglo XX, as aulas instalábanse en casas particulares ou nos cabildros das igresias.</p>
