

{"id":7370,"date":"2022-05-03T13:12:16","date_gmt":"2022-05-03T13:12:16","guid":{"rendered":"https:\/\/www.museodegrandas.es\/catalogo\/"},"modified":"2022-07-20T15:04:23","modified_gmt":"2022-07-20T15:04:23","slug":"catalogo","status":"publish","type":"page","link":"https:\/\/www.museodegrandas.es\/as\/catalogo\/","title":{"rendered":"Cat\u00e1logo"},"content":{"rendered":"<p>[et_pb_section fb_built=&#8221;1&#8243; admin_label=&#8221;section&#8221; _builder_version=&#8221;4.17.4&#8243; background_color=&#8221;#FFFFFF&#8221; global_colors_info=&#8221;{}&#8221;][et_pb_row admin_label=&#8221;row&#8221; _builder_version=&#8221;4.16&#8243; background_size=&#8221;initial&#8221; background_position=&#8221;top_left&#8221; background_repeat=&#8221;repeat&#8221; global_colors_info=&#8221;{}&#8221;][et_pb_column type=&#8221;4_4&#8243; _builder_version=&#8221;4.16&#8243; custom_padding=&#8221;|||&#8221; global_colors_info=&#8221;{}&#8221; custom_padding__hover=&#8221;|||&#8221;][et_pb_text admin_label=&#8221;Text&#8221; _builder_version=&#8221;4.16&#8243; background_size=&#8221;initial&#8221; background_position=&#8221;top_left&#8221; background_repeat=&#8221;repeat&#8221; global_colors_info=&#8221;{}&#8221;]<\/p>\n<p style=\"text-align: justify; line-height: 150%; vertical-align: baseline;\"><span style=\"font-family: 'Georgia',serif; color: #666666;\">El Museo Etnogr\u00e1fico de Grandas de Salime \u201cPepe el Ferreiro\u201d re\u00fane una de las colecciones m\u00e1s significativas de su \u00e1mbito, tanto en t\u00e9rminos cuantitativos como cualitativos. Sus fondos se aproximan a los 20.000 registros, en su mayor\u00eda exhibidos en la exposici\u00f3n permanente. <\/span><\/p>\n<p style=\"text-align: justify; line-height: 150%; vertical-align: baseline;\"><span style=\"font-family: 'Georgia',serif; color: #666666;\">El Museo ha iniciado la catalogaci\u00f3n sistem\u00e1tica del conjunto de sus colecciones. En la secci\u00f3n \u201cCat\u00e1logo\u201d iremos poniendo a disposici\u00f3n de todos los interesados la relaci\u00f3n de piezas de nuestra colecci\u00f3n, actualiz\u00e1ndola a medida que se vaya ampliando.<\/span><\/p>\n<p>[\/et_pb_text][\/et_pb_column][\/et_pb_row][et_pb_row _builder_version=&#8221;4.17.4&#8243; _module_preset=&#8221;default&#8221; global_colors_info=&#8221;{}&#8221;][et_pb_column type=&#8221;4_4&#8243; _builder_version=&#8221;4.17.4&#8243; _module_preset=&#8221;default&#8221; global_colors_info=&#8221;{}&#8221;][et_pb_text _builder_version=&#8221;4.17.4&#8243; _module_preset=&#8221;default&#8221; hover_enabled=&#8221;0&#8243; sticky_enabled=&#8221;0&#8243;]<\/p>\n<h2>Cat\u00e1logo<\/h2>\n<p>[\/et_pb_text][et_pb_shop _builder_version=&#8221;4.17.4&#8243; _module_preset=&#8221;default&#8221; global_colors_info=&#8221;{}&#8221;][\/et_pb_shop][\/et_pb_column][\/et_pb_row][\/et_pb_section]<\/p>\n","protected":false},"excerpt":{"rendered":"<p>El Museo Etnogr\u00e1fico de Grandas de Salime \u201cPepe el Ferreiro\u201d re\u00fane una de las colecciones m\u00e1s significativas de su \u00e1mbito, tanto en t\u00e9rminos cuantitativos como cualitativos. Sus fondos se aproximan a los 20.000 registros, en su mayor\u00eda exhibidos en la exposici\u00f3n permanente. El Museo ha iniciado la catalogaci\u00f3n sistem\u00e1tica del conjunto de sus colecciones. En [&hellip;]<\/p>\n","protected":false},"author":2,"featured_media":0,"parent":0,"menu_order":4,"comment_status":"open","ping_status":"closed","template":"","meta":{"_et_pb_use_builder":"on","_et_pb_old_content":"","_et_gb_content_width":""},"_links":{"self":[{"href":"https:\/\/www.museodegrandas.es\/as\/wp-json\/wp\/v2\/pages\/7370"}],"collection":[{"href":"https:\/\/www.museodegrandas.es\/as\/wp-json\/wp\/v2\/pages"}],"about":[{"href":"https:\/\/www.museodegrandas.es\/as\/wp-json\/wp\/v2\/types\/page"}],"author":[{"embeddable":true,"href":"https:\/\/www.museodegrandas.es\/as\/wp-json\/wp\/v2\/users\/2"}],"replies":[{"embeddable":true,"href":"https:\/\/www.museodegrandas.es\/as\/wp-json\/wp\/v2\/comments?post=7370"}],"version-history":[{"count":9,"href":"https:\/\/www.museodegrandas.es\/as\/wp-json\/wp\/v2\/pages\/7370\/revisions"}],"predecessor-version":[{"id":8993,"href":"https:\/\/www.museodegrandas.es\/as\/wp-json\/wp\/v2\/pages\/7370\/revisions\/8993"}],"wp:attachment":[{"href":"https:\/\/www.museodegrandas.es\/as\/wp-json\/wp\/v2\/media?parent=7370"}],"curies":[{"name":"wp","href":"https:\/\/api.w.org\/{rel}","templated":true}]}}

Catálogo

<p>[et_pb_section fb_built=&#8221;1&#8243; admin_label=&#8221;section&#8221; _builder_version=&#8221;4.17.4&#8243; background_color=&#8221;#FFFFFF&#8221; global_colors_info=&#8221;{}&#8221;][et_pb_row admin_label=&#8221;row&#8221; _builder_version=&#8221;4.16&#8243; background_size=&#8221;initial&#8221; background_position=&#8221;top_left&#8221; background_repeat=&#8221;repeat&#8221; global_colors_info=&#8221;{}&#8221;][et_pb_column type=&#8221;4_4&#8243; _builder_version=&#8221;4.16&#8243; custom_padding=&#8221;|||&#8221; global_colors_info=&#8221;{}&#8221; custom_padding__hover=&#8221;|||&#8221;][et_pb_text admin_label=&#8221;Text&#8221; _builder_version=&#8221;4.16&#8243; background_size=&#8221;initial&#8221; background_position=&#8221;top_left&#8221; background_repeat=&#8221;repeat&#8221; global_colors_info=&#8221;{}&#8221;]</p>
<p style="text-align: justify; line-height: 150%; vertical-align: baseline;"><span style="font-family: 'Georgia',serif; color: #666666;">El Museo Etnográfico de Grandas de Salime “Pepe el Ferreiro” reúne una de las colecciones más significativas de su ámbito, tanto en términos cuantitativos como cualitativos. Sus fondos se aproximan a los 20.000 registros, en su mayoría exhibidos en la exposición permanente. </span></p>
<p style="text-align: justify; line-height: 150%; vertical-align: baseline;"><span style="font-family: 'Georgia',serif; color: #666666;">El Museo ha iniciado la catalogación sistemática del conjunto de sus colecciones. En la sección “Catálogo” iremos poniendo a disposición de todos los interesados la relación de piezas de nuestra colección, actualizándola a medida que se vaya ampliando.</span></p>
<p>[/et_pb_text][/et_pb_column][/et_pb_row][et_pb_row _builder_version=&#8221;4.17.4&#8243; _module_preset=&#8221;default&#8221; global_colors_info=&#8221;{}&#8221;][et_pb_column type=&#8221;4_4&#8243; _builder_version=&#8221;4.17.4&#8243; _module_preset=&#8221;default&#8221; global_colors_info=&#8221;{}&#8221;][et_pb_text _builder_version=&#8221;4.17.4&#8243; _module_preset=&#8221;default&#8221; hover_enabled=&#8221;0&#8243; sticky_enabled=&#8221;0&#8243;]</p>
<h2>Catálogo</h2>
<p>[/et_pb_text][et_pb_shop _builder_version=&#8221;4.17.4&#8243; _module_preset=&#8221;default&#8221; global_colors_info=&#8221;{}&#8221;][/et_pb_shop][/et_pb_column][/et_pb_row][/et_pb_section]</p>

<p>El Museo Etnográfico de Grandas de Salime “Pepe el Ferreiro” reúne una de las colecciones más significativas de su ámbito, tanto en términos cuantitativos como cualitativos. Sus fondos se aproximan a los 20.000 registros, en su mayoría exhibidos en la exposición permanente. El Museo ha iniciado la catalogación sistemática del conjunto de sus colecciones. En [&hellip;]</p>
