

{"id":7311,"date":"2022-05-03T12:39:08","date_gmt":"2022-05-03T12:39:08","guid":{"rendered":"https:\/\/www.museodegrandas.es\/el-museo\/03-corredor\/"},"modified":"2022-05-03T12:39:08","modified_gmt":"2022-05-03T12:39:08","slug":"03-corredor","status":"publish","type":"page","link":"https:\/\/www.museodegrandas.es\/as\/el-museo\/03-corredor\/","title":{"rendered":"03.- Corredor"},"content":{"rendered":"<p>Esta construcci\u00f3n ausiliar ta nel corral da Casa Rectoral, entre el <strong>caban\u00f3n<\/strong> y el <strong>edificio principal<\/strong>. Consiste n\u00faa estructura de d\u00faas alturas, con cuberta de louxas, piso d\u2019embaxo aberto e corredor nel piso d\u2019enriba, sostidos con columnas de louxa.<\/p>\n<p>.<a href=\"https:\/\/www.museodegrandas.es\/wp-content\/uploads\/2014\/02\/corredor2.jpg\"><img class=\"aligncenter\" src=\"https:\/\/www.museodegrandas.es\/wp-content\/uploads\/2014\/02\/corredor2.jpg\" alt=\"corredor2\" width=\"500\" \/><\/a><\/p>\n<p>El espacio superior guarda \u00faa mostra de <em>rodas<\/em> ou <em>molas<\/em> d\u2019afilar. Alg\u00fas exemplares m\u00f3vense col p\u00e9 e t\u00e1n metidos nun bacico de madera que s\u2019ench\u00eda d\u2019auga pa evitar el calentamento e facilitar a abrasi\u00f3n.<\/p>\n<p>Debaxo del corredor, acompa\u00f1ando a \u00faa colecci\u00f3n de modelos diversos de carret\u00f3is e carretas, esp\u00f3inse as ferramentas de traballo del canteiro, \u00fan dos oficios con m\u00e1is entid\u00e1 nel mundo rural.<\/p>\n<p style=\"text-align: left;\"><a href=\"https:\/\/www.museodegrandas.es\/wp-content\/uploads\/2014\/02\/corredor.jpg\"><img class=\"wp-image-6214 aligncenter\" src=\"https:\/\/www.museodegrandas.es\/wp-content\/uploads\/2014\/02\/corredor.jpg\" alt=\"corredor\" width=\"500\" \/><\/a><!--:--><\/p>\n","protected":false},"excerpt":{"rendered":"<p>Esta construcci\u00f3n ausiliar ta nel corral da Casa Rectoral, entre el caban\u00f3n y el edificio principal. Consiste n\u00faa estructura de d\u00faas alturas, con cuberta de louxas, piso d\u2019embaxo aberto e corredor nel piso d\u2019enriba, sostidos con columnas de louxa. . El espacio superior guarda \u00faa mostra de rodas ou molas d\u2019afilar. Alg\u00fas exemplares m\u00f3vense col [&hellip;]<\/p>\n","protected":false},"author":2,"featured_media":0,"parent":7248,"menu_order":0,"comment_status":"closed","ping_status":"closed","template":"","meta":{"_et_pb_use_builder":"","_et_pb_old_content":"","_et_gb_content_width":""},"_links":{"self":[{"href":"https:\/\/www.museodegrandas.es\/as\/wp-json\/wp\/v2\/pages\/7311"}],"collection":[{"href":"https:\/\/www.museodegrandas.es\/as\/wp-json\/wp\/v2\/pages"}],"about":[{"href":"https:\/\/www.museodegrandas.es\/as\/wp-json\/wp\/v2\/types\/page"}],"author":[{"embeddable":true,"href":"https:\/\/www.museodegrandas.es\/as\/wp-json\/wp\/v2\/users\/2"}],"replies":[{"embeddable":true,"href":"https:\/\/www.museodegrandas.es\/as\/wp-json\/wp\/v2\/comments?post=7311"}],"version-history":[{"count":0,"href":"https:\/\/www.museodegrandas.es\/as\/wp-json\/wp\/v2\/pages\/7311\/revisions"}],"up":[{"embeddable":true,"href":"https:\/\/www.museodegrandas.es\/as\/wp-json\/wp\/v2\/pages\/7248"}],"wp:attachment":[{"href":"https:\/\/www.museodegrandas.es\/as\/wp-json\/wp\/v2\/media?parent=7311"}],"curies":[{"name":"wp","href":"https:\/\/api.w.org\/{rel}","templated":true}]}}

<p>Esta construcción ausiliar ta nel corral da Casa Rectoral, entre el <strong>cabanón</strong> y el <strong>edificio principal</strong>. Consiste núa estructura de dúas alturas, con cuberta de louxas, piso d’embaxo aberto e corredor nel piso d’enriba, sostidos con columnas de louxa.</p>
<p>.<a href="https://www.museodegrandas.es/wp-content/uploads/2014/02/corredor2.jpg"><img class="aligncenter" src="https://www.museodegrandas.es/wp-content/uploads/2014/02/corredor2.jpg" alt="corredor2" width="500" /></a></p>
<p>El espacio superior guarda úa mostra de <em>rodas</em> ou <em>molas</em> d’afilar. Algús exemplares móvense col pé e tán metidos nun bacico de madera que s’enchía d’auga pa evitar el calentamento e facilitar a abrasión.</p>
<p>Debaxo del corredor, acompañando a úa colección de modelos diversos de carretóis e carretas, espóinse as ferramentas de traballo del canteiro, ún dos oficios con máis entidá nel mundo rural.</p>
<p style="text-align: left;"><a href="https://www.museodegrandas.es/wp-content/uploads/2014/02/corredor.jpg"><img class="wp-image-6214 aligncenter" src="https://www.museodegrandas.es/wp-content/uploads/2014/02/corredor.jpg" alt="corredor" width="500" /></a><!--:--></p>

<p>Esta construcción ausiliar ta nel corral da Casa Rectoral, entre el cabanón y el edificio principal. Consiste núa estructura de dúas alturas, con cuberta de louxas, piso d’embaxo aberto e corredor nel piso d’enriba, sostidos con columnas de louxa. . El espacio superior guarda úa mostra de rodas ou molas d’afilar. Algús exemplares móvense col [&hellip;]</p>
