

{"id":7294,"date":"2022-05-03T12:26:54","date_gmt":"2022-05-03T12:26:54","guid":{"rendered":"https:\/\/www.museodegrandas.es\/el-museo\/02-a-casa-rectoral\/02-07-coleccion-de-xugos\/"},"modified":"2022-05-03T12:26:54","modified_gmt":"2022-05-03T12:26:54","slug":"02-07-coleccion-de-xugos","status":"publish","type":"page","link":"https:\/\/www.museodegrandas.es\/as\/el-museo\/02-a-casa-rectoral\/02-07-coleccion-de-xugos\/","title":{"rendered":"02.07.- Colecci\u00f3n de xugos"},"content":{"rendered":"<p>A escaleira que comunica os dous pisos da Casa Rectoral \u00e9, adem\u00e1is d\u2019un espacio de tr\u00e1nsito, un \u00e1rea espositiva m\u00e1is del Museo.<\/p>\n<p>Nel pico da escaleira sobresale \u00faa gran hucha pa guardar trigo ou cent\u00e9n. Ens\u00e9\u00f1ase tam\u00e9n \u00faa mostra dos modelos variaos de <em>gaxapos, cachapas, zapicos, cornos <\/em>ou<em> canaos, <\/em>denominaci\u00f3is coas que se conoce en Asturias el recipiente que s\u2019usa pa levar a pedra d\u2019afilar na sega. El segador l\u00e9valo enganchao al cinto mentres traballa e, dentro, a pedra vai metida parcialmente en auga pa facilitar el afilao e forrada con herba pa evitar que s\u2019abale e verca el auga.<\/p>\n<p style=\"text-align: center;\"><a href=\"https:\/\/www.museodegrandas.es\/wp-content\/uploads\/2014\/02\/yugos.jpg\"><img class=\"wp-image-1155 aligncenter\" src=\"https:\/\/www.museodegrandas.es\/wp-content\/uploads\/2014\/02\/yugos.jpg\" alt=\"yugos\" width=\"500\" \/><\/a><\/p>\n<p>Mentres se baxa al piso d\u2019embaxo, pode verse a gran colecci\u00f3n de xugos del Museo Etnogr\u00e1fico de Grandas de Salime \u201cPepe el Ferreiro\u201d. Proceden, os m\u00e1is d\u2019elos, de distintos sitos d\u2019Asturias e tam\u00e9n de Galicia, Pa\u00eds Vasco, Madrid e Portugal. Esta colecci\u00f3n deixa comparar os modelos distintos de xugos qu\u2019hai na Pen\u00ednsula Ib\u00e9rica, opuendo os cornales \u2014querse dicir, aquelos que van ataos a os cornos del animal e que son d\u2019uso m\u00e1is xeneralizao\u2014 a os xugulares, tipo que s\u2019engancha al pescozo dos reses, restrinxido a alg\u00faas \u00e1reas galegas.<\/p>\n<p><!--:--><\/p>\n","protected":false},"excerpt":{"rendered":"<p>A escaleira que comunica os dous pisos da Casa Rectoral \u00e9, adem\u00e1is d\u2019un espacio de tr\u00e1nsito, un \u00e1rea espositiva m\u00e1is del Museo. Nel pico da escaleira sobresale \u00faa gran hucha pa guardar trigo ou cent\u00e9n. Ens\u00e9\u00f1ase tam\u00e9n \u00faa mostra dos modelos variaos de gaxapos, cachapas, zapicos, cornos ou canaos, denominaci\u00f3is coas que se conoce en [&hellip;]<\/p>\n","protected":false},"author":2,"featured_media":0,"parent":7249,"menu_order":0,"comment_status":"closed","ping_status":"closed","template":"","meta":{"_et_pb_use_builder":"","_et_pb_old_content":"","_et_gb_content_width":""},"_links":{"self":[{"href":"https:\/\/www.museodegrandas.es\/as\/wp-json\/wp\/v2\/pages\/7294"}],"collection":[{"href":"https:\/\/www.museodegrandas.es\/as\/wp-json\/wp\/v2\/pages"}],"about":[{"href":"https:\/\/www.museodegrandas.es\/as\/wp-json\/wp\/v2\/types\/page"}],"author":[{"embeddable":true,"href":"https:\/\/www.museodegrandas.es\/as\/wp-json\/wp\/v2\/users\/2"}],"replies":[{"embeddable":true,"href":"https:\/\/www.museodegrandas.es\/as\/wp-json\/wp\/v2\/comments?post=7294"}],"version-history":[{"count":0,"href":"https:\/\/www.museodegrandas.es\/as\/wp-json\/wp\/v2\/pages\/7294\/revisions"}],"up":[{"embeddable":true,"href":"https:\/\/www.museodegrandas.es\/as\/wp-json\/wp\/v2\/pages\/7249"}],"wp:attachment":[{"href":"https:\/\/www.museodegrandas.es\/as\/wp-json\/wp\/v2\/media?parent=7294"}],"curies":[{"name":"wp","href":"https:\/\/api.w.org\/{rel}","templated":true}]}}

02.07.- Colección de xugos

<p>A escaleira que comunica os dous pisos da Casa Rectoral é, ademáis d’un espacio de tránsito, un área espositiva máis del Museo.</p>
<p>Nel pico da escaleira sobresale úa gran hucha pa guardar trigo ou centén. Enséñase tamén úa mostra dos modelos variaos de <em>gaxapos, cachapas, zapicos, cornos </em>ou<em> canaos, </em>denominacióis coas que se conoce en Asturias el recipiente que s’usa pa levar a pedra d’afilar na sega. El segador lévalo enganchao al cinto mentres traballa e, dentro, a pedra vai metida parcialmente en auga pa facilitar el afilao e forrada con herba pa evitar que s’abale e verca el auga.</p>
<p style="text-align: center;"><a href="https://www.museodegrandas.es/wp-content/uploads/2014/02/yugos.jpg"><img class="wp-image-1155 aligncenter" src="https://www.museodegrandas.es/wp-content/uploads/2014/02/yugos.jpg" alt="yugos" width="500" /></a></p>
<p>Mentres se baxa al piso d’embaxo, pode verse a gran colección de xugos del Museo Etnográfico de Grandas de Salime “Pepe el Ferreiro”. Proceden, os máis d’elos, de distintos sitos d’Asturias e tamén de Galicia, País Vasco, Madrid e Portugal. Esta colección deixa comparar os modelos distintos de xugos qu’hai na Península Ibérica, opuendo os cornales —querse dicir, aquelos que van ataos a os cornos del animal e que son d’uso máis xeneralizao— a os xugulares, tipo que s’engancha al pescozo dos reses, restrinxido a algúas áreas galegas.</p>
<p><!--:--></p>

<p>A escaleira que comunica os dous pisos da Casa Rectoral é, ademáis d’un espacio de tránsito, un área espositiva máis del Museo. Nel pico da escaleira sobresale úa gran hucha pa guardar trigo ou centén. Enséñase tamén úa mostra dos modelos variaos de gaxapos, cachapas, zapicos, cornos ou canaos, denominacióis coas que se conoce en [&hellip;]</p>
